 greatest common factor of 15926714 and 1902.
634
Calculate the highest common divisor of 102 and 4473630.
6
What is the highest common divisor of 6165159 and 385?
77
What is the greatest common divisor of 728 and 17704?
8
What is the greatest common factor of 490879322 and 890?
178
What is the highest common factor of 192685 and 3622745?
445
Calculate the highest common divisor of 939896743 and 389.
389
Calculate the highest common factor of 8904 and 1718260.
212
Calculate the highest common factor of 1410928 and 57376.
2608
Calculate the greatest common divisor of 760305 and 95641.
91
Calculate the greatest common divisor of 1620261 and 199593.
603
Calculate the greatest common factor of 163688 and 16886408.
4424
What is the highest common divisor of 15 and 47736685?
5
What is the greatest common divisor of 6611 and 22550?
11
Calculate the highest common divisor of 8 and 49553072.
8
What is the greatest common factor of 14743 and 1240482?
23
What is the greatest common divisor of 561 and 15014808?
51
What is the greatest common factor of 787309 and 76?
1
What is the greatest common divisor of 5522113 and 1649?
97
Calculate the greatest common divisor of 2886177 and 357.
21
Calculate the greatest common factor of 568 and 1086936.
8
What is the highest common divisor of 4672 and 725312?
64
Calculate the highest common divisor of 2822 and 25453942.
166
Calculate the greatest common divisor of 181040 and 73730.
730
Calculate the highest common divisor of 2689488 and 2128.
304
What is the greatest common factor of 1738 and 27872306?
1738
Calculate the highest common factor of 1064 and 52219448.
152
Calculate the highest common factor of 244 and 9172.
4
Calculate the greatest common factor of 6226 and 128973005.
283
What is the greatest common divisor of 26301669 and 4602?
177
What is the highest common factor of 143 and 2588482?
13
Calculate the highest common factor of 268800 and 550200.
4200
Calculate the highest common divisor of 4636475 and 2622.
19
What is the highest common factor of 591731928 and 16?
8
What is the greatest common factor of 62356093 and 111970?
11197
Calculate the highest common factor of 10197 and 1064349.
99
Calculate the highest common divisor of 88 and 1798511.
11
Calculate the highest common divisor of 7606611 and 9.
9
Calculate the greatest common factor of 3029 and 53209.
13
What is the greatest common divisor of 5753040 and 352?
16
What is the highest common divisor of 10737 and 5259937?
1193
What is the highest common factor of 4352 and 27863?
17
Calculate the greatest common factor of 10048380 and 4560.
60
Calculate the highest common divisor of 78359310 and 1926.
1926
Calculate the highest common divisor of 3826448 and 40.
8
What is the highest common divisor of 265454354 and 748?
374
Calculate the greatest common factor of 133311 and 4557.
3
Calculate the highest common divisor of 34 and 17194259.
17
Calculate the highest common factor of 3550 and 195316030.
710
What is the greatest common divisor of 74 and 120175593?
37
What is the highest common factor of 207825 and 220245?
15
Calculate the greatest common factor of 197035854 and 3738.
534
Calculate the highest common factor of 532734396 and 4138.
4138
Calculate the greatest common divisor of 32841 and 1342053.
369
Calculate the highest common divisor of 350020 and 1318939.
1591
What is the greatest common factor of 30918663 and 106?
53
What is the highest common divisor of 51 and 679178934?
51
What is the highest common divisor of 224 and 6153728?
224
What is the highest common factor of 136271 and 1350907?
1073
What is the greatest common factor of 9720 and 1028520?
360
Calculate the greatest common divisor of 184064 and 25344.
256
What is the greatest common factor of 50083 and 326337?
319
Calculate the greatest common divisor of 101900367 and 6246.
3123
What is the highest common divisor of 65549461 and 81279?
821
Calculate the highest common factor of 12819957 and 81.
3
Calculate the greatest common factor of 54 and 4402837566.
54
What is the highest common factor of 729 and 69005169?
27
Calculate the highest common factor of 342 and 114911658.
342
What is the greatest common factor of 14481552 and 3774?
102
What is the greatest common factor of 3704085 and 1265?
55
Calculate the highest common factor of 2852460 and 81.
9
Calculate the highest common divisor of 75450612 and 36.
12
Calculate the greatest common divisor of 804374461 and 11.
11
Calculate the highest common factor of 3000280 and 49220.
2140
What is the highest common factor of 2583 and 596529?
9
What is the greatest common factor of 7373 and 26911231?
73
What is the greatest common divisor of 7215502 and 6328?
1582
Calculate the highest common divisor of 2538480 and 20720.
560
Calculate the highest common divisor of 45375 and 2310495.
1815
What is the greatest common factor of 13221 and 17109?
9
What is the greatest common factor of 45589477 and 6313?
59
What is the greatest common factor of 162777 and 6123783?
5613
What is the highest common divisor of 5989556 and 1548?
172
What is the highest common divisor of 877935 and 1995?
15
What is the highest common factor of 10892 and 3576466?
778
Calculate the greatest common divisor of 1062 and 7128026.
118
What is the highest common factor of 1710824 and 3002?
158
Calculate the highest common divisor of 8662 and 427793.
61
Calculate the highest common divisor of 154 and 1166374.
22
What is the highest common divisor of 1869 and 2015405?
623
What is the highest common divisor of 2016 and 785666?
14
Calculate the greatest common factor of 21627296 and 34804.
452
What is the greatest common divisor of 348399340 and 113?
113
Calculate the greatest common factor of 202976 and 225056.
32
Calculate the highest common divisor of 2313 and 8388.
9
Calculate the highest common factor of 65712 and 13394.
74
What is the greatest common divisor of 180030265 and 14962?
7481
What is the greatest common divisor of 755 and 2894015?
5
What is the greatest common factor of 4818 and 38863?
11
What is the greatest common factor of 2997330 and 28?
14
Calculate the highest common divisor of 156883 and 7999.
19
What is the highest common factor of 9548 and 13194034?
434
What is the greatest common divisor of 43610676 and 118?
118
Calculate the greatest common divisor of 112867 and 244864.
1913
What is the highest common divisor of 5665156 and 364?
28
What is the greatest common factor of 92823536 and 26078?
442
What is the highest common divisor of 9304 and 90227866?
2326
What is the greatest common divisor of 322 and 4685284?
46
What is the highest common divisor of 3747 and 4295311?
1249
Calculate the highest common factor of 676164 and 809883.
2523
Calculate the greatest common factor of 18224 and 8003686.
134
Calculate the greatest common factor of 120800 and 34370.
10
What is the highest common divisor of 365708616 and 1872?
312
Calculate the highest common divisor of 149585 and 85.
5
What is the highest common factor of 47778931 and 94?
47
What is the greatest common divisor of 285922 and 8814?
26
Calculate the highest common factor of 7073 and 28190406.
643
What is the greatest common divisor of 4787950 and 55800?
1550
Calculate the highest common divisor of 1014822 and 54.
54
What is the greatest common divisor of 16904 and 59138644?
8452
Calculate the highest common divisor of 8993042 and 532.
38
Calculate the highest common factor of 37405 and 563.
1
What is the highest common factor of 2211264 and 7887?
33
What is the highest common factor of 6125 and 1525370?
245
Calculate the greatest common divisor of 1141406 and 3234.
98
What is the greatest common divisor of 5402415 and 3555?
1185
What is the highest common factor of 63063 and 590018?
143
What is the highest common factor of 211305840 and 4976?
4976
Calculate the greatest common factor of 323919 and 11425143.
3999
Calculate the greatest common factor of 605 and 116086190.
605
Calculate the greatest common divisor of 61946 and 13630.
94
Calculate the greatest common factor of 147378 and 12306.
42
What is the highest common divisor of 48 and 3316344528?
48
What is the greatest common divisor of 198588 and 2251158?
1482
What is the highest common divisor of 2816 and 93416576?
1408
Calculate the greatest